
{"id":14,"date":"2011-05-09T17:50:49","date_gmt":"2011-05-09T17:50:49","guid":{"rendered":"http:\/\/porvalencia.es\/estid\/?page_id=14"},"modified":"2016-10-14T13:01:37","modified_gmt":"2016-10-14T13:01:37","slug":"acceso-y-contacto","status":"publish","type":"page","link":"https:\/\/novapaginaetsid.webs.upv.es\/?page_id=14","title":{"rendered":"Acceso y contacto"},"content":{"rendered":"<p>La ETSID de Valencia se encuentra ubicada en el Campus del Camino de Vera de la UPV ocupando este Centro una superficie construida de 16.859 metros cuadrados con un s\u00f3tano destinado a parking, m\u00e1s los laboratorios ubicados en el mismo campus en las sedes departamentales.<\/p>\n<p>En General, el Campus de Vera de la UPV y la ETSID se encuentran muy bien comunicados con la poblaci\u00f3n de Valencia y su entorno. Al Campus llegan 5 l\u00edneas de autob\u00fas de la EMT. La l\u00ednea del tranv\u00eda que enlaza con el metro de Valencia tiene 3 paradas dentro del Campus, una de ellas muy cerca de la Escuela. Pr\u00f3xima al Campus hay una estaci\u00f3n de RENFE que con la red de transporte p\u00fablico de la EMT y el METRO comunican la UPV con toda la Comunidad Valenciana.<\/p>\n<hr \/>\n<p><span style=\"text-decoration: underline;\">&gt; P<a href=\"http:\/\/www.upv.es\/plano\/plano_upvi.html\" target=\"_blank\">lano de la UPV. La ETSID es la etiquetada como 7B y 7E<\/a><\/span><\/p>\n<p><span style=\"text-decoration: underline;\"><a title=\"Plano de la UPV con las paradas de la EMT\" href=\"http:\/\/www.upv.es\/plano\/plano-2d-es.html\" target=\"_blank\">&gt; Plano de la UPV con las paradas de la EMT<\/a><\/span><\/p>\n<hr \/>\n<p>ETS de Ingenier\u00eda del Dise\u00f1o. Camino de Vera, s\/n 46022 Valencia<\/p>\n<hr \/>\n<ul>\n<li>\n<div class=\"lineas\">\n<div class=\"nombredirectivo\">Servicio<\/div>\n<div class=\"emaildirectivo\">Tel\u00e9fono \/ extensi\u00f3n<\/div>\n<div class=\"telefonodirectivo\">Fax \/ extensi\u00f3n<\/div>\n<\/div>\n<\/li>\n<li>\n<div class=\"lineas\">\n<div class=\"nombredirectivo\">Conserger\u00eda<\/div>\n<div class=\"emaildirectivo\">+34 963 877 180 \/ 71800<\/div>\n<div class=\"telefonodirectivo\">+34 963 877 189 \/ 77189<\/div>\n<\/div>\n<\/li>\n<li>\n<div class=\"lineas\">\n<div class=\"nombredirectivo\">Del. de Alumnos<\/div>\n<div class=\"emaildirectivo\">+34 963 877 000\/ 79189<\/div>\n<div class=\"telefonodirectivo\">+34 963 877 189 \/ 77189<\/div>\n<\/div>\n<\/li>\n<li>\n<div class=\"lineas\">\n<div class=\"nombredirectivo\">Mantenimiento<\/div>\n<div class=\"emaildirectivo\">+34 963 877 187 \/ 77187<\/div>\n<div class=\"telefonodirectivo\">+34 963 877 189 \/ 77189<\/div>\n<\/div>\n<\/li>\n<li>\n<div class=\"lineas\">\n<div class=\"nombredirectivo\">Secretar\u00eda<\/div>\n<div class=\"emaildirectivo\">+34 963 879 181 \/ 79181<\/div>\n<div class=\"telefonodirectivo\"><\/div>\n<\/div>\n<\/li>\n<li>\n<div class=\"lineas\">\n<div class=\"nombredirectivo\">Secretar\u00eda M\u00e1ster<\/div>\n<div class=\"nombredirectivo\">+34\u00a0963 877 185 \/ 77185<\/div>\n<div class=\"telefonodirectivo\">+34 963 877 189 \/ 77189<\/div>\n<div class=\"telefonodirectivo\"><\/div>\n<\/div>\n<\/li>\n<\/ul>\n<p>&nbsp;<\/p>\n","protected":false},"excerpt":{"rendered":"<p>La ETSID de Valencia se encuentra ubicada en el Campus del Camino de Vera de la UPV ocupando este Centro una superficie construida de 16.859 metros cuadrados con un s\u00f3tano destinado a parking, m\u00e1s los laboratorios ubicados en el mismo &hellip; <a href=\"https:\/\/novapaginaetsid.webs.upv.es\/?page_id=14\"><br \/>Continuar leyendo<\/a><\/p>\n","protected":false},"author":4,"featured_media":0,"parent":20,"menu_order":4,"comment_status":"open","ping_status":"closed","template":"plantilla_accesoycontacto.php","meta":{"footnotes":""},"class_list":["post-14","page","type-page","status-publish","hentry"],"_links":{"self":[{"href":"https:\/\/novapaginaetsid.webs.upv.es\/index.php?rest_route=\/wp\/v2\/pages\/14","targetHints":{"allow":["GET"]}}],"collection":[{"href":"https:\/\/novapaginaetsid.webs.upv.es\/index.php?rest_route=\/wp\/v2\/pages"}],"about":[{"href":"https:\/\/novapaginaetsid.webs.upv.es\/index.php?rest_route=\/wp\/v2\/types\/page"}],"author":[{"embeddable":true,"href":"https:\/\/novapaginaetsid.webs.upv.es\/index.php?rest_route=\/wp\/v2\/users\/4"}],"replies":[{"embeddable":true,"href":"https:\/\/novapaginaetsid.webs.upv.es\/index.php?rest_route=%2Fwp%2Fv2%2Fcomments&post=14"}],"version-history":[{"count":37,"href":"https:\/\/novapaginaetsid.webs.upv.es\/index.php?rest_route=\/wp\/v2\/pages\/14\/revisions"}],"predecessor-version":[{"id":6797,"href":"https:\/\/novapaginaetsid.webs.upv.es\/index.php?rest_route=\/wp\/v2\/pages\/14\/revisions\/6797"}],"up":[{"embeddable":true,"href":"https:\/\/novapaginaetsid.webs.upv.es\/index.php?rest_route=\/wp\/v2\/pages\/20"}],"wp:attachment":[{"href":"https:\/\/novapaginaetsid.webs.upv.es\/index.php?rest_route=%2Fwp%2Fv2%2Fmedia&parent=14"}],"curies":[{"name":"wp","href":"https:\/\/api.w.org\/{rel}","templated":true}]}}