
{"id":146,"date":"2011-05-12T09:58:16","date_gmt":"2011-05-12T09:58:16","guid":{"rendered":"http:\/\/porvalencia.es\/estid\/?page_id=146"},"modified":"2015-03-31T10:37:03","modified_gmt":"2015-03-31T10:37:03","slug":"internacional","status":"publish","type":"page","link":"https:\/\/novapaginaetsid.webs.upv.es\/?page_id=146","title":{"rendered":"Internacional"},"content":{"rendered":"<p><strong><a title=\"presentaci\u00f3n\" href=\"http:\/\/www.etsid.upv.es\/?page_id=656\">Presentaci\u00f3n y Contacto<\/a><\/strong><\/p>\n<p>La Subdirecci\u00f3n de Relaciones Internacionales de la Escuela T\u00e9cnica Superior de Ingenier\u00eda\u00a0del Dise\u00f1o (ETSID) desarrolla una importante actividad de relaciones internacionales. Cada\u00a0a\u00f1o cientos de estudiantes tienen la oportunidad de completar su formaci\u00f3n en una instituci\u00f3n\u00a0extranjera.\u00a0La ETSID participa en un gran n\u00famero de programas de cooperaci\u00f3n, tanto a nivel europeo\u00a0como a nivel mundial. Haz clic para acceder a toda la informaci\u00f3n:<\/p>\n<hr \/>\n<p style=\"padding-left: 30px;\"><a href=\"http:\/\/www.upv.es\/entidades\/OPII\/index.html\">http:\/\/www.upv.es\/entidades\/OPII\/index.html<\/a><\/p>\n<hr style=\"padding-left: 30px;\" \/>\n<p style=\"padding-left: 30px;\"><strong>Office Hours<br \/>\n<\/strong><\/p>\n<p style=\"padding-left: 30px;\">Mondays to Thursdays From 12:00 to 14:00 h. and from 16:00 to 18:00 h.<\/p>\n<hr style=\"padding-left: 30px;\" \/>\n<p style=\"padding-left: 30px;\"><strong>Contacto<\/strong><\/p>\n<p style=\"padding-left: 30px;\">Sergio Hoyas Calvo. Subdirector de Relaciones Inernacionales de la ETSID.<br \/>\nemail: <a href=\"mailto:relint@etsid.upv.es\">relint@etsid.upv.es<\/a> Tel: +34 963 879 185 \/ Fax: +34 963 879 180.<\/p>\n<hr style=\"padding-left: 30px;\" \/>\n<p style=\"padding-left: 30px;\">Manuel Fern\u00e1ndez Pe\u00f1a. T\u00e9cnico.<br \/>\nemail: <a href=\"mailto:manferpe@upvnet.upv.es\">manferpe@upvnet.upv.es<\/a> Tel: +34 963 877 007 \/ 81815 \/ Fax: +34 963 879 180.<\/p>\n<hr style=\"padding-left: 30px;\" \/>\n<p style=\"padding-left: 30px;\">Cristina Petit Oltra. Administrativa.<br \/>\nemail: <a href=\"mailto:leopeol@upvnet.upv.es\">leopeol@upvnet.upv.es<\/a> Tel +34 963 879 185 \/Fax: +34 963 879 180<\/p>\n<hr \/>\n<p><strong><a title=\"exchange students\" href=\"http:\/\/www.etsid.upv.es\/?page_id=151\">Exchange Students (Incomings)<\/a><\/strong><\/p>\n<hr \/>\n<p><strong><a title=\"UPV students\" href=\"http:\/\/www.etsid.upv.es\/?page_id=2204\">UPV Students (Outgoings)<\/a><\/strong><\/p>\n<hr \/>\n<p><strong><a title=\"european semester\" href=\"http:\/\/www.etsid.upv.es\/?page_id=161\">European Project Semester<\/a><\/strong><\/p>\n<hr \/>\n<p><strong><a title=\"redes\" href=\"http:\/\/www.etsid.upv.es\/?page_id=163\">Redes y Asociaciones<\/a><\/strong><\/p>\n<hr \/>\n","protected":false},"excerpt":{"rendered":"<p>Presentaci\u00f3n y Contacto La Subdirecci\u00f3n de Relaciones Internacionales de la Escuela T\u00e9cnica Superior de Ingenier\u00eda\u00a0del Dise\u00f1o (ETSID) desarrolla una importante actividad de relaciones internacionales. Cada\u00a0a\u00f1o cientos de estudiantes tienen la oportunidad de completar su formaci\u00f3n en una instituci\u00f3n\u00a0extranjera.\u00a0La ETSID participa &hellip; <a href=\"https:\/\/novapaginaetsid.webs.upv.es\/?page_id=146\"><br \/>Continuar leyendo<\/a><\/p>\n","protected":false},"author":4,"featured_media":0,"parent":0,"menu_order":7,"comment_status":"open","ping_status":"closed","template":"plantilla_55contacto.php","meta":{"footnotes":""},"class_list":["post-146","page","type-page","status-publish","hentry"],"_links":{"self":[{"href":"https:\/\/novapaginaetsid.webs.upv.es\/index.php?rest_route=\/wp\/v2\/pages\/146","targetHints":{"allow":["GET"]}}],"collection":[{"href":"https:\/\/novapaginaetsid.webs.upv.es\/index.php?rest_route=\/wp\/v2\/pages"}],"about":[{"href":"https:\/\/novapaginaetsid.webs.upv.es\/index.php?rest_route=\/wp\/v2\/types\/page"}],"author":[{"embeddable":true,"href":"https:\/\/novapaginaetsid.webs.upv.es\/index.php?rest_route=\/wp\/v2\/users\/4"}],"replies":[{"embeddable":true,"href":"https:\/\/novapaginaetsid.webs.upv.es\/index.php?rest_route=%2Fwp%2Fv2%2Fcomments&post=146"}],"version-history":[{"count":42,"href":"https:\/\/novapaginaetsid.webs.upv.es\/index.php?rest_route=\/wp\/v2\/pages\/146\/revisions"}],"predecessor-version":[{"id":5823,"href":"https:\/\/novapaginaetsid.webs.upv.es\/index.php?rest_route=\/wp\/v2\/pages\/146\/revisions\/5823"}],"wp:attachment":[{"href":"https:\/\/novapaginaetsid.webs.upv.es\/index.php?rest_route=%2Fwp%2Fv2%2Fmedia&parent=146"}],"curies":[{"name":"wp","href":"https:\/\/api.w.org\/{rel}","templated":true}]}}