
{"id":201,"date":"2011-05-13T08:57:20","date_gmt":"2011-05-13T08:57:20","guid":{"rendered":"http:\/\/porvalencia.es\/estid\/?page_id=201"},"modified":"2013-10-15T13:43:27","modified_gmt":"2013-10-15T13:43:27","slug":"grado-en-ingenieria-en-diseno-y-desarrollo-de-productos","status":"publish","type":"page","link":"https:\/\/novapaginaetsid.webs.upv.es\/?page_id=201","title":{"rendered":"Grado en Ingenier\u00eda en Dise\u00f1o y Desarrollo de Productos"},"content":{"rendered":"<p><a href=\"http:\/\/www.porvalencia.es\/estid\/wp-content\/uploads\/2011\/05\/Dise\u00f1o_icon.jpg\"><img loading=\"lazy\" decoding=\"async\" class=\"alignright size-full wp-image-535\" title=\"Dise\u00f1o_icon\" src=\"http:\/\/www.porvalencia.es\/estid\/wp-content\/uploads\/2011\/05\/Dise\u00f1o_icon.jpg\" alt=\"\" width=\"83\" height=\"80\" \/><\/a>El objetivo del <strong>Grado en Ingenier\u00eda en Dise\u00f1o Industrial y Desarrollo de Productos<\/strong> es\u00a0formar cient\u00edfica y t\u00e9cnicamente a profesionales que sean capaces de dirigir y gestiona\u00a0todo el proceso de vida de un producto. Desde la generaci\u00f3n de ideas (an\u00e1lisis de\u00a0mercados, creatividad, cultura del dise\u00f1o&#8230;) pasando por la producci\u00f3n, fabricaci\u00f3n y lanzamiento del producto hasta su impacto ambiental al final de su vida \u00fatil.<\/p>\n<h3><span style=\"color: #000000;\"><strong>\u00bfEn qu\u00e9 consiste esta carrera?<\/strong><\/span><\/h3>\n<p>Se desarrolla a lo largo de 4 cursos y 240 cr\u00e9ditos ects, distribuidos seg\u00fan el siguiente cuadro:<\/p>\n<hr \/>\n<p><span style=\"color: #000000;\"><strong>Formaci\u00f3n B\u00e1sica &gt; 60 etcs<\/strong><\/span><br \/>\nExpresi\u00f3n Art\u00edstica<br \/>\nExpresi\u00f3n Gr\u00e1fica<br \/>\nF\u00edsica<br \/>\nInform\u00e1tica<br \/>\nEmpresa<br \/>\nMatem\u00e1ticas<\/p>\n<hr \/>\n<p><span style=\"color: #000000;\"><strong>Formaci\u00f3n Industrial &gt; 60 ects<\/strong><\/span><br \/>\nPrincipios Tecnol\u00f3gicos<br \/>\nProducci\u00f3n Industrial y Gesti\u00f3n de Proyectos<br \/>\nMetodolog\u00edas del Dise\u00f1o<\/p>\n<hr \/>\n<p><span style=\"color: #000000;\"><strong>Especialidad Dise\u00f1o &gt; 60 ects<\/strong><\/span><br \/>\nFundamentos del Dise\u00f1o.<br \/>\nTaller de Dise\u00f1o.<br \/>\nTecnolog\u00eda Espec\u00edfica del Dise\u00f1o Industrial.<\/p>\n<hr \/>\n<p><span style=\"color: #000000;\"><strong>Menciones &gt; 18 ects<\/strong><\/span><br \/>\nDise\u00f1o Integral de Productos de Consumo.<br \/>\nDise\u00f1o Avanzado de Productos Industriales.<br \/>\nDise\u00f1o de Nuevos Productos.<br \/>\nProductos de Uso P\u00fablico.<\/p>\n<hr \/>\n<p><span style=\"color: #000000;\"><strong>Optatividad &gt; 30 ects<\/strong><\/span><br \/>\n<span style=\"color: #000000;\"><strong>Trabajo fin de carrera &gt; 12 ects<\/strong><\/span><\/p>\n<hr \/>\n","protected":false},"excerpt":{"rendered":"<p>El objetivo del Grado en Ingenier\u00eda en Dise\u00f1o Industrial y Desarrollo de Productos es\u00a0formar cient\u00edfica y t\u00e9cnicamente a profesionales que sean capaces de dirigir y gestiona\u00a0todo el proceso de vida de un producto. Desde la generaci\u00f3n de ideas (an\u00e1lisis de\u00a0mercados, &hellip; <a href=\"https:\/\/novapaginaetsid.webs.upv.es\/?page_id=201\"><br \/>Continuar leyendo<\/a><\/p>\n","protected":false},"author":4,"featured_media":0,"parent":190,"menu_order":2,"comment_status":"open","ping_status":"closed","template":"plantilla_8.1.ingenieriadiseno.php","meta":{"footnotes":""},"class_list":["post-201","page","type-page","status-publish","hentry"],"_links":{"self":[{"href":"https:\/\/novapaginaetsid.webs.upv.es\/index.php?rest_route=\/wp\/v2\/pages\/201","targetHints":{"allow":["GET"]}}],"collection":[{"href":"https:\/\/novapaginaetsid.webs.upv.es\/index.php?rest_route=\/wp\/v2\/pages"}],"about":[{"href":"https:\/\/novapaginaetsid.webs.upv.es\/index.php?rest_route=\/wp\/v2\/types\/page"}],"author":[{"embeddable":true,"href":"https:\/\/novapaginaetsid.webs.upv.es\/index.php?rest_route=\/wp\/v2\/users\/4"}],"replies":[{"embeddable":true,"href":"https:\/\/novapaginaetsid.webs.upv.es\/index.php?rest_route=%2Fwp%2Fv2%2Fcomments&post=201"}],"version-history":[{"count":55,"href":"https:\/\/novapaginaetsid.webs.upv.es\/index.php?rest_route=\/wp\/v2\/pages\/201\/revisions"}],"predecessor-version":[{"id":4549,"href":"https:\/\/novapaginaetsid.webs.upv.es\/index.php?rest_route=\/wp\/v2\/pages\/201\/revisions\/4549"}],"up":[{"embeddable":true,"href":"https:\/\/novapaginaetsid.webs.upv.es\/index.php?rest_route=\/wp\/v2\/pages\/190"}],"wp:attachment":[{"href":"https:\/\/novapaginaetsid.webs.upv.es\/index.php?rest_route=%2Fwp%2Fv2%2Fmedia&parent=201"}],"curies":[{"name":"wp","href":"https:\/\/api.w.org\/{rel}","templated":true}]}}