
{"id":3453,"date":"2012-07-16T11:28:58","date_gmt":"2012-07-16T11:28:58","guid":{"rendered":"http:\/\/www.etsid.upv.es\/?page_id=3453"},"modified":"2016-03-09T09:13:22","modified_gmt":"2016-03-09T09:13:22","slug":"matricula-2012-2013-alumno-de-nuevo-ingreso","status":"publish","type":"page","link":"https:\/\/novapaginaetsid.webs.upv.es\/?page_id=3453","title":{"rendered":"Alumnos de nuevo ingreso"},"content":{"rendered":"<p style=\"padding-left: 30px;\"><!-- \/* Font Definitions *\/ @font-face {font-family:Times; panose-1:2 0 5 0 0 0 0 0 0 0; mso-font-charset:0; mso-generic-font-family:auto; mso-font-pitch:variable; mso-font-signature:3 0 0 0 1 0;} @font-face {font-family:\"\uff2d\uff33 \u660e\u671d\"; panose-1:0 0 0 0 0 0 0 0 0 0; mso-font-charset:128; mso-generic-font-family:roman; mso-font-format:other; mso-font-pitch:fixed; mso-font-signature:1 134676480 16 0 131072 0;} @font-face {font-family:\"\uff2d\uff33 \u660e\u671d\"; panose-1:0 0 0 0 0 0 0 0 0 0; mso-font-charset:128; mso-generic-font-family:roman; mso-font-format:other; mso-font-pitch:fixed; mso-font-signature:1 134676480 16 0 131072 0;} @font-face {font-family:Cambria; panose-1:2 4 5 3 5 4 6 3 2 4; mso-font-charset:0; mso-generic-font-family:auto; mso-font-pitch:variable; mso-font-signature:3 0 0 0 1 0;} \/* Style Definitions *\/ p.MsoNormal, li.MsoNormal, div.MsoNormal {mso-style-unhide:no; mso-style-qformat:yes; mso-style-parent:\"\"; margin:0cm; margin-bottom:.0001pt; mso-pagination:widow-orphan; font-size:12.0pt; font-family:Cambria; mso-ascii-font-family:Cambria; mso-ascii-theme-font:minor-latin; mso-fareast-font-family:\"\uff2d\uff33 \u660e\u671d\"; mso-fareast-theme-font:minor-fareast; mso-hansi-font-family:Cambria; mso-hansi-theme-font:minor-latin; mso-bidi-font-family:\"Times New Roman\"; mso-bidi-theme-font:minor-bidi;} p {mso-style-noshow:yes; mso-style-priority:99; mso-margin-top-alt:auto; margin-right:0cm; mso-margin-bottom-alt:auto; margin-left:0cm; mso-pagination:widow-orphan; font-size:10.0pt; font-family:Times; mso-fareast-font-family:\"\uff2d\uff33 \u660e\u671d\"; mso-fareast-theme-font:minor-fareast; mso-bidi-font-family:\"Times New Roman\";} .MsoChpDefault {mso-style-type:export-only; mso-default-props:yes; font-family:Cambria; mso-ascii-font-family:Cambria; mso-ascii-theme-font:minor-latin; mso-fareast-font-family:\"\uff2d\uff33 \u660e\u671d\"; mso-fareast-theme-font:minor-fareast; mso-hansi-font-family:Cambria; mso-hansi-theme-font:minor-latin; mso-bidi-font-family:\"Times New Roman\"; mso-bidi-theme-font:minor-bidi;} @page WordSection1 {size:612.0pt 792.0pt; margin:70.85pt 3.0cm 70.85pt 3.0cm; mso-header-margin:36.0pt; mso-footer-margin:36.0pt; mso-paper-source:0;} div.WordSection1 {page:WordSection1;} --><\/p>\n<p><strong>GRADOS:<\/strong><\/p>\n<p style=\"padding-left: 30px;\"><span style=\"text-decoration: underline;\"><a href=\"wp-content\/uploads\/2015\/DIPTICOS\/Folleto Aeroespacial.pdf\" target=\"_blank\">Grado en Ingenier\u00eda Aeroespacial<\/a><\/span><\/p>\n<p style=\"padding-left: 30px;\"><a href=\"wp-content\/uploads\/2015\/DIPTICOS\/Folleto Disenyo.pdf\" target=\"_blank\"><span style=\"text-decoration: underline;\">Grado en Ingenier\u00eda en Dise\u00f1o Industrial y Desarrollo de Productos<\/span><\/a><\/p>\n<p style=\"padding-left: 30px;\"><span style=\"text-decoration: underline;\"><a href=\"wp-content\/uploads\/2015\/DIPTICOS\/Folleto Electrica.pdf\" target=\"_blank\">Grado en Ingenier\u00eda El\u00e9ctrica<\/a><\/span><\/p>\n<p style=\"padding-left: 30px;\"><span style=\"text-decoration: underline;\"><a href=\"wp-content\/uploads\/2015\/DIPTICOS\/Folleto Mecanica.pdf\" target=\"_blank\">Grado en Ingenier\u00eda Mec\u00e1nica<\/a><\/span><\/p>\n<p style=\"padding-left: 30px;\"><span style=\"text-decoration: underline;\"><a href=\"wp-content\/uploads\/2015\/DIPTICOS\/Folleto Electronica.pdf\" target=\"_blank\">Grado en Ingenier\u00eda Electr\u00f3nica Industrial y Autom\u00e1tica<\/a><\/span><\/p>\n<p><strong>GRUPOS ARA:<\/strong><\/p>\n<p style=\"padding-left: 30px;\"><span style=\"text-decoration: underline; color: #333333;\"><a style=\"color: #333333; text-decoration: underline;\" href=\"http:\/\/www.etsid.upv.es\/wp-content\/uploads\/2013\/GRUPOS ARA\/Diptico_ARA_ETSID.pdf\">Matr\u00edcula Grupo ARA &#8211; Grado en Ingenier\u00eda Aerospacial<\/a><\/span><\/p>\n<p style=\"padding-left: 30px;\"><span style=\"text-decoration: underline; color: #333333;\"><a style=\"color: #333333; text-decoration: underline;\" href=\"http:\/\/www.etsid.upv.es\/wp-content\/uploads\/2013\/GRUPOS ARA\/Diptico_ARA_ETSID-electro.pdf\">Matr\u00edcula Grupo ARA- Grado en Ingenier\u00eda Electr\u00f3nica Industrial y Autom\u00e1tica<\/a><\/span><\/p>\n<p style=\"padding-left: 30px;\"><span style=\"text-decoration: underline; color: #333333;\"><a style=\"color: #333333; text-decoration: underline;\" href=\"http:\/\/www.etsid.upv.es\/wp-content\/uploads\/2015\/SECRETARIA\/ARA\/Poster Informacion ARA 15-16.pdf\">P\u00f3ster informativo<\/a><\/span><\/p>\n<p style=\"padding-left: 30px;\"><span style=\"text-decoration: underline; color: #333333;\"><a style=\"color: #333333; text-decoration: underline;\" href=\"http:\/\/www.etsid.upv.es\/wp-content\/uploads\/2015\/SECRETARIA\/ARA\/Folleto Info ARA 15-16.pdf\">Folleto<\/a><\/span><\/p>\n<p style=\"padding-left: 30px;\"><span style=\"text-decoration: underline; color: #333333;\"><a style=\"color: #333333; text-decoration: underline;\" href=\"http:\/\/www.etsid.upv.es\/wp-content\/uploads\/2015\/SECRETARIA\/ARA\/Prueba Nivel Ingles ARA 15-16.pdf\">P\u00f3ster prueba de nivel<\/a><\/span><\/p>\n<p><strong>CURSO PRERREQUISITOS:<\/strong><\/p>\n<p style=\"padding-left: 30px;\"><span style=\"text-decoration: underline;\">Informaci\u00f3n sobre el curso (castellano)<\/span><\/p>\n<p style=\"padding-left: 30px;\"><span style=\"text-decoration: underline;\">Informaci\u00f3n sobre el curso (valenciano)<\/span><\/p>\n<p><strong>JORNADAS DE ACOGIDA:<\/strong><\/p>\n<p style=\"padding-left: 30px;\"><span style=\"text-decoration: underline;\"><a href=\"\/wp-content\/uploads\/2015\/SECRETARIA\/Cartel Jornada de Acogida.pdf\" target=\"_blank\">Informaci\u00f3n sobre las Jornadas (Castellano\/Valenciano)<\/a><\/span><\/p>\n","protected":false},"excerpt":{"rendered":"<p>GRADOS: Grado en Ingenier\u00eda Aeroespacial Grado en Ingenier\u00eda en Dise\u00f1o Industrial y Desarrollo de Productos Grado en Ingenier\u00eda El\u00e9ctrica Grado en Ingenier\u00eda Mec\u00e1nica Grado en Ingenier\u00eda Electr\u00f3nica Industrial y Autom\u00e1tica GRUPOS ARA: Matr\u00edcula Grupo ARA &#8211; Grado en Ingenier\u00eda Aerospacial &hellip; <a href=\"https:\/\/novapaginaetsid.webs.upv.es\/?page_id=3453\"><br \/>Continuar leyendo<\/a><\/p>\n","protected":false},"author":7,"featured_media":0,"parent":93,"menu_order":0,"comment_status":"open","ping_status":"closed","template":"","meta":{"footnotes":""},"class_list":["post-3453","page","type-page","status-publish","hentry"],"_links":{"self":[{"href":"https:\/\/novapaginaetsid.webs.upv.es\/index.php?rest_route=\/wp\/v2\/pages\/3453","targetHints":{"allow":["GET"]}}],"collection":[{"href":"https:\/\/novapaginaetsid.webs.upv.es\/index.php?rest_route=\/wp\/v2\/pages"}],"about":[{"href":"https:\/\/novapaginaetsid.webs.upv.es\/index.php?rest_route=\/wp\/v2\/types\/page"}],"author":[{"embeddable":true,"href":"https:\/\/novapaginaetsid.webs.upv.es\/index.php?rest_route=\/wp\/v2\/users\/7"}],"replies":[{"embeddable":true,"href":"https:\/\/novapaginaetsid.webs.upv.es\/index.php?rest_route=%2Fwp%2Fv2%2Fcomments&post=3453"}],"version-history":[{"count":56,"href":"https:\/\/novapaginaetsid.webs.upv.es\/index.php?rest_route=\/wp\/v2\/pages\/3453\/revisions"}],"predecessor-version":[{"id":6584,"href":"https:\/\/novapaginaetsid.webs.upv.es\/index.php?rest_route=\/wp\/v2\/pages\/3453\/revisions\/6584"}],"up":[{"embeddable":true,"href":"https:\/\/novapaginaetsid.webs.upv.es\/index.php?rest_route=\/wp\/v2\/pages\/93"}],"wp:attachment":[{"href":"https:\/\/novapaginaetsid.webs.upv.es\/index.php?rest_route=%2Fwp%2Fv2%2Fmedia&parent=3453"}],"curies":[{"name":"wp","href":"https:\/\/api.w.org\/{rel}","templated":true}]}}