
{"id":4960,"date":"2013-11-07T13:37:45","date_gmt":"2013-11-07T13:37:45","guid":{"rendered":"http:\/\/www.etsid.upv.es\/?page_id=4960"},"modified":"2015-12-22T19:19:02","modified_gmt":"2015-12-22T19:19:02","slug":"informacion-sobre-las-practicas","status":"publish","type":"page","link":"https:\/\/novapaginaetsid.webs.upv.es\/?page_id=4960","title":{"rendered":"Modificaci\u00f3n, rescisi\u00f3n y reconocimiento de pr\u00e1cticas"},"content":{"rendered":"<p><b>C\u00f3mo modificar una pr\u00e1ctica<\/b><\/p>\n<p><b>\u00a0<\/b>Se podr\u00e1n modificar las condiciones iniciales de la pr\u00e1ctica (duraci\u00f3n, dedicaci\u00f3n, bolsa econ\u00f3mica, tutores, proyecto formativo, etc.) siempre y cuando est\u00e9s en el periodo de pr\u00e1cticas. Para ello deber\u00e1s entregar por triplicado el documento \u201cModificaci\u00f3n de Pr\u00e1ctica\u201d, el cual encontrar\u00e1s en<a href=\"http:\/\/www.upv.es\/contenidos\/SIEPRACT\/infoweb\/siepract\/info\/714612normalc.html\"><span style=\"text-decoration: underline; color: #0000ff;\">\u00a0<\/span><\/a><\/p>\n<p><a href=\"http:\/\/www.upv.es\/contenidos\/SIEPRACT\/infoweb\/siepract\/info\/714612normalc.html\">http:\/\/www.upv.es\/contenidos\/SIEPRACT\/infoweb\/siepract\/info\/714612normalc.html<\/a><\/p>\n<p>El documento tendr\u00e1 que contener la firma original de todos los participantes y el sello de la empresa, y deber\u00e1 presentarse CON UNA ANTELACI\u00d3N M\u00cdNIMA DE 15 D\u00cdAS H\u00c1BILES en la Subdirecci\u00f3n de Relaciones con la Empresa de la ETSID.<\/p>\n<p><b>\u00a0<\/b><\/p>\n<p><b>\u00a0C\u00f3mo rescindir una pr\u00e1ctica<\/b><\/p>\n<p><b>\u00a0<\/b>Si por motivo justificado, decides abandonar la pr\u00e1ctica, se deber\u00e1 entregar por triplicado en la Subdirecci\u00f3n de Pr\u00e1cticas en Empresa de la ETSID el documento \u201cRescisi\u00f3n de Pr\u00e1ctica\u201d como m\u00ednimo 15 d\u00edas antes del cese de la pr\u00e1ctica. Dicho documento puedes encontrarlo en\u00a0 la p\u00e1gina web:<\/p>\n<p><a href=\"http:\/\/www.upv.es\/contenidos\/SIEPRACT\/infoweb\/siepract\/info\/714612normalc.html\" target=\"_blank\">http:\/\/www.upv.es\/contenidos\/SIEPRACT\/infoweb\/siepract\/info\/714612normalc.html<\/a><\/p>\n<p>&nbsp;<\/p>\n<p><b>\u00a0Finalizaci\u00f3n y evaluaci\u00f3n de una pr\u00e1ctica<\/b><\/p>\n<p>Una vez finalizada la pr\u00e1ctica, se proceder\u00e1 a su evaluaci\u00f3n tanto si deseas que sea como cr\u00e9ditos o como menci\u00f3n a la misma en el expediente acad\u00e9mico. Para ello deber\u00e1s entregar <b>antes del 20 de septiembre de cada curso acad\u00e9mico<\/b>, (en caso contrario no podr\u00e1n ser reconocidos) la siguiente documentaci\u00f3n:<\/p>\n<p>&nbsp;<\/p>\n<p><b>&#8211; Si eres estudiante de Grado o M\u00e1ster:<\/b><\/p>\n<p><a href=\"\/wp-content\/uploads\/2015\/EMPRESA\/Formulario de Reconocimiento de Practicas en Empresa.pdf\"><span style=\"text-decoration: underline; color: #0000ff;\"><span style=\"color: #0000ff; text-decoration: underline;\">SOLICITUD DE RECONOCIMIENTO DE CR\u00c9DITOS<\/span><\/span><\/a><\/p>\n<p><a href=\"\/wp-content\/uploads\/2015\/EMPRESA\/INFORME  TUTOR EN EMPRESA 13 COMPETENCIAS v3.pdf\"><span style=\"text-decoration: underline; color: #0000ff;\"><span style=\"color: #0000ff; text-decoration: underline;\">INFORME TUTOR DE PRACTICAS EMPRESA<\/span><\/span><\/a><\/p>\n<p><span style=\"text-decoration: underline; color: #0000ff;\"><a href=\"\/wp-content\/uploads\/2015\/EMPRESA\/MEMORIA ESTUDIANTE v3.pdf\"><span style=\"color: #0000ff; text-decoration: underline;\">MEMORIA ESTUDIANTE<\/span><\/a><\/span><\/p>\n<p><a href=\"\/wp-content\/uploads\/2015\/EMPRESA\/INFORME  TUTOR EN ESCUELA 13 COMPETENCIAS v3.pdf\"><span style=\"text-decoration: underline; color: #0000ff;\"><span style=\"color: #0000ff; text-decoration: underline;\">INFORME PROFESOR TUTOR<\/span><\/span><\/a><\/p>\n<p>&nbsp;<\/p>\n<p><b>&#8211; Si eres estudiante de titulaciones del Plan Antiguo: <\/b><\/p>\n<p>SOLICITUD DE RECONOCIMIENTO DE CR\u00c9DITOS*<\/p>\n<p>COPIA ANEXO<\/p>\n<p>INFORME DE LA EMPRESA<\/p>\n<p>ENCUESTA ESTUDIANTE<\/p>\n<p>ENCUESTA TUTOR EMPRESA<\/p>\n<p>*Recoger impreso en Subdirecci\u00f3n de empresas de la ETSID.<\/p>\n<p align=\"center\">\n","protected":false},"excerpt":{"rendered":"<p>C\u00f3mo modificar una pr\u00e1ctica \u00a0Se podr\u00e1n modificar las condiciones iniciales de la pr\u00e1ctica (duraci\u00f3n, dedicaci\u00f3n, bolsa econ\u00f3mica, tutores, proyecto formativo, etc.) siempre y cuando est\u00e9s en el periodo de pr\u00e1cticas. Para ello deber\u00e1s entregar por triplicado el documento \u201cModificaci\u00f3n de &hellip; <a href=\"https:\/\/novapaginaetsid.webs.upv.es\/?page_id=4960\"><br \/>Continuar leyendo<\/a><\/p>\n","protected":false},"author":7,"featured_media":0,"parent":1039,"menu_order":0,"comment_status":"open","ping_status":"closed","template":"","meta":{"footnotes":""},"class_list":["post-4960","page","type-page","status-publish","hentry"],"_links":{"self":[{"href":"https:\/\/novapaginaetsid.webs.upv.es\/index.php?rest_route=\/wp\/v2\/pages\/4960","targetHints":{"allow":["GET"]}}],"collection":[{"href":"https:\/\/novapaginaetsid.webs.upv.es\/index.php?rest_route=\/wp\/v2\/pages"}],"about":[{"href":"https:\/\/novapaginaetsid.webs.upv.es\/index.php?rest_route=\/wp\/v2\/types\/page"}],"author":[{"embeddable":true,"href":"https:\/\/novapaginaetsid.webs.upv.es\/index.php?rest_route=\/wp\/v2\/users\/7"}],"replies":[{"embeddable":true,"href":"https:\/\/novapaginaetsid.webs.upv.es\/index.php?rest_route=%2Fwp%2Fv2%2Fcomments&post=4960"}],"version-history":[{"count":20,"href":"https:\/\/novapaginaetsid.webs.upv.es\/index.php?rest_route=\/wp\/v2\/pages\/4960\/revisions"}],"predecessor-version":[{"id":6463,"href":"https:\/\/novapaginaetsid.webs.upv.es\/index.php?rest_route=\/wp\/v2\/pages\/4960\/revisions\/6463"}],"up":[{"embeddable":true,"href":"https:\/\/novapaginaetsid.webs.upv.es\/index.php?rest_route=\/wp\/v2\/pages\/1039"}],"wp:attachment":[{"href":"https:\/\/novapaginaetsid.webs.upv.es\/index.php?rest_route=%2Fwp%2Fv2%2Fmedia&parent=4960"}],"curies":[{"name":"wp","href":"https:\/\/api.w.org\/{rel}","templated":true}]}}