
{"id":5400,"date":"2014-06-16T13:29:23","date_gmt":"2014-06-16T13:29:23","guid":{"rendered":"http:\/\/www.etsid.upv.es\/?page_id=5400"},"modified":"2016-03-02T15:15:47","modified_gmt":"2016-03-02T15:15:47","slug":"gestion-de-empleo-upv","status":"publish","type":"page","link":"https:\/\/novapaginaetsid.webs.upv.es\/?page_id=5400","title":{"rendered":"Empleo y orientaci\u00f3n profesional"},"content":{"rendered":"<h3 style=\"text-align: center;\"><span style=\"text-decoration: underline; color: #808080;\">Gesti\u00f3n de empleo UPV<\/span><\/h3>\n<p>&nbsp;<\/p>\n<p>Es el servicio de intermediaci\u00f3n laboral gratuito para alumnos y titulados inscritos en la base de datos que gestiona las ofertas de trabajo que llegan a la Universitat Polit\u00e8cnica de Val\u00e8ncia, autorizada como Agencia de Colocaci\u00f3n por el Sistema Nacional de Empleo con el N\u00ba de Identificaci\u00f3n 1000000017-T.<\/p>\n<p>Para las Empresas, disponemos de una amplia base de datos de titulados UPV, clasificada por perfiles profesionales que abarcan desde reci\u00e9n titulados hasta perfiles con una amplia experiencia profesional. Gestionamos sin coste para las empresas las Ofertas de empleo que llegan a nuestro servicio, asesoramos y orientamos a las empresas acerca de las necesidades del puesto de trabajo que solicita para la contrataci\u00f3n de personal t\u00e9cnico cualificado.<\/p>\n<p>Para los Titulados, que buscan empleo, les ofrecemos una base de datos en la que pueden inscribirse y mantener activada su alta a lo largo de toda su vida profesional.<strong><br \/>\n<\/strong><\/p>\n<h3 style=\"text-align: center;\"><span style=\"text-decoration: underline;\"><span style=\"color: #808080;\"><a style=\"color: #808080; text-decoration: underline;\" href=\"http:\/\/www.upv.es\/contenidos\/SIEORIEN\/\" target=\"_blank\">Orientaci\u00f3n profesional<\/a><\/span><\/span><\/h3>\n","protected":false},"excerpt":{"rendered":"<p>Gesti\u00f3n de empleo UPV &nbsp; Es el servicio de intermediaci\u00f3n laboral gratuito para alumnos y titulados inscritos en la base de datos que gestiona las ofertas de trabajo que llegan a la Universitat Polit\u00e8cnica de Val\u00e8ncia, autorizada como Agencia de &hellip; <a href=\"https:\/\/novapaginaetsid.webs.upv.es\/?page_id=5400\"><br \/>Continuar leyendo<\/a><\/p>\n","protected":false},"author":7,"featured_media":0,"parent":0,"menu_order":0,"comment_status":"open","ping_status":"closed","template":"","meta":{"footnotes":""},"class_list":["post-5400","page","type-page","status-publish","hentry"],"_links":{"self":[{"href":"https:\/\/novapaginaetsid.webs.upv.es\/index.php?rest_route=\/wp\/v2\/pages\/5400","targetHints":{"allow":["GET"]}}],"collection":[{"href":"https:\/\/novapaginaetsid.webs.upv.es\/index.php?rest_route=\/wp\/v2\/pages"}],"about":[{"href":"https:\/\/novapaginaetsid.webs.upv.es\/index.php?rest_route=\/wp\/v2\/types\/page"}],"author":[{"embeddable":true,"href":"https:\/\/novapaginaetsid.webs.upv.es\/index.php?rest_route=\/wp\/v2\/users\/7"}],"replies":[{"embeddable":true,"href":"https:\/\/novapaginaetsid.webs.upv.es\/index.php?rest_route=%2Fwp%2Fv2%2Fcomments&post=5400"}],"version-history":[{"count":8,"href":"https:\/\/novapaginaetsid.webs.upv.es\/index.php?rest_route=\/wp\/v2\/pages\/5400\/revisions"}],"predecessor-version":[{"id":6560,"href":"https:\/\/novapaginaetsid.webs.upv.es\/index.php?rest_route=\/wp\/v2\/pages\/5400\/revisions\/6560"}],"wp:attachment":[{"href":"https:\/\/novapaginaetsid.webs.upv.es\/index.php?rest_route=%2Fwp%2Fv2%2Fmedia&parent=5400"}],"curies":[{"name":"wp","href":"https:\/\/api.w.org\/{rel}","templated":true}]}}