
{"id":5448,"date":"2014-07-04T08:23:43","date_gmt":"2014-07-04T08:23:43","guid":{"rendered":"http:\/\/www.etsid.upv.es\/?page_id=5448"},"modified":"2014-07-04T08:27:45","modified_gmt":"2014-07-04T08:27:45","slug":"logotipos-oficiales","status":"publish","type":"page","link":"https:\/\/novapaginaetsid.webs.upv.es\/?page_id=5448","title":{"rendered":"Escudos Oficiales"},"content":{"rendered":"<p style=\"text-align: center;\"><strong>Ingeniero T\u00e9cnico Aeron\u00e1utico (Grado en Ingenier\u00eda Aeroespacial)<\/strong><\/p>\n<p style=\"text-align: center;\"><a href=\"http:\/\/www.etsid.upv.es\/wp-content\/uploads\/2014\/07\/Grado-Ingenier\u00eda-Aeroespacial.png\"><img loading=\"lazy\" decoding=\"async\" class=\"aligncenter  wp-image-5452\" src=\"http:\/\/www.etsid.upv.es\/wp-content\/uploads\/2014\/07\/Grado-Ingenier\u00eda-Aeroespacial.png\" alt=\"Grado Ingenier\u00eda Aeroespacial\" width=\"228\" height=\"270\" srcset=\"https:\/\/novapaginaetsid.webs.upv.es\/wp-content\/uploads\/2014\/07\/Grado-Ingenier\u00eda-Aeroespacial.png 559w, https:\/\/novapaginaetsid.webs.upv.es\/wp-content\/uploads\/2014\/07\/Grado-Ingenier\u00eda-Aeroespacial-252x300.png 252w\" sizes=\"auto, (max-width: 228px) 100vw, 228px\" \/><\/a><a href=\"\/wp-content\/uploads\/logos\/Grado%20Ingenier\u00eda Aeroespacial.ai\" target=\"_blank\">.ai <\/a>\u00a0 \u00a0 \u00a0 \u00a0\u00a0 <a href=\"\/wp-content\/uploads\/logos\/Grado%20Ingenier\u00eda Aeroespacial.png\" target=\"_blank\">.png<\/a><\/p>\n<p style=\"text-align: center;\"><strong>Ingeniero Aeron\u00e1utico<\/strong><\/p>\n<p><img loading=\"lazy\" decoding=\"async\" class=\"aligncenter  wp-image-5451\" src=\"http:\/\/www.etsid.upv.es\/wp-content\/uploads\/2014\/07\/Ingenier\u00eda-Aeron\u00e1utica.png\" alt=\"Ingenier\u00eda Aeron\u00e1utica\" width=\"235\" height=\"293\" srcset=\"https:\/\/novapaginaetsid.webs.upv.es\/wp-content\/uploads\/2014\/07\/Ingenier\u00eda-Aeron\u00e1utica.png 535w, https:\/\/novapaginaetsid.webs.upv.es\/wp-content\/uploads\/2014\/07\/Ingenier\u00eda-Aeron\u00e1utica-240x300.png 240w\" sizes=\"auto, (max-width: 235px) 100vw, 235px\" \/><\/p>\n<p style=\"text-align: center;\"><a href=\"\/wp-content\/uploads\/logos\/Ingenier\u00eda%20Aeron\u00e1utica.ai\" target=\"_blank\">.ai<\/a>\u00a0\u00a0\u00a0\u00a0\u00a0\u00a0\u00a0\u00a0\u00a0 <a href=\"\/wp-content\/uploads\/logos\/Ingenier\u00eda%20Aeron\u00e1utica.png\" target=\"_blank\">.png<\/a><\/p>\n<p>&nbsp;<\/p>\n","protected":false},"excerpt":{"rendered":"<p>Ingeniero T\u00e9cnico Aeron\u00e1utico (Grado en Ingenier\u00eda Aeroespacial) .ai \u00a0 \u00a0 \u00a0 \u00a0\u00a0 .png Ingeniero Aeron\u00e1utico .ai\u00a0\u00a0\u00a0\u00a0\u00a0\u00a0\u00a0\u00a0\u00a0 .png &nbsp;<\/p>\n","protected":false},"author":7,"featured_media":0,"parent":0,"menu_order":0,"comment_status":"open","ping_status":"closed","template":"","meta":{"footnotes":""},"class_list":["post-5448","page","type-page","status-publish","hentry"],"_links":{"self":[{"href":"https:\/\/novapaginaetsid.webs.upv.es\/index.php?rest_route=\/wp\/v2\/pages\/5448","targetHints":{"allow":["GET"]}}],"collection":[{"href":"https:\/\/novapaginaetsid.webs.upv.es\/index.php?rest_route=\/wp\/v2\/pages"}],"about":[{"href":"https:\/\/novapaginaetsid.webs.upv.es\/index.php?rest_route=\/wp\/v2\/types\/page"}],"author":[{"embeddable":true,"href":"https:\/\/novapaginaetsid.webs.upv.es\/index.php?rest_route=\/wp\/v2\/users\/7"}],"replies":[{"embeddable":true,"href":"https:\/\/novapaginaetsid.webs.upv.es\/index.php?rest_route=%2Fwp%2Fv2%2Fcomments&post=5448"}],"version-history":[{"count":3,"href":"https:\/\/novapaginaetsid.webs.upv.es\/index.php?rest_route=\/wp\/v2\/pages\/5448\/revisions"}],"predecessor-version":[{"id":5455,"href":"https:\/\/novapaginaetsid.webs.upv.es\/index.php?rest_route=\/wp\/v2\/pages\/5448\/revisions\/5455"}],"wp:attachment":[{"href":"https:\/\/novapaginaetsid.webs.upv.es\/index.php?rest_route=%2Fwp%2Fv2%2Fmedia&parent=5448"}],"curies":[{"name":"wp","href":"https:\/\/api.w.org\/{rel}","templated":true}]}}